{"id":1819,"date":"2025-11-24T15:22:19","date_gmt":"2025-11-24T14:22:19","guid":{"rendered":"http:\/\/inoso.it\/inoso\/?page_id=1819"},"modified":"2025-12-19T15:19:33","modified_gmt":"2025-12-19T14:19:33","slug":"mitarbeiter-app-jobeye","status":"publish","type":"page","link":"https:\/\/inoso.it\/home\/mitarbeiter-app-jobeye\/","title":{"rendered":"Mitarbeiter-App"},"content":{"rendered":"<div class=\"wpb-content-wrapper\"><p>[vc_row full_width=&#8221;stretch_row&#8221; css=&#8221;.vc_custom_1761903641148{padding-top: 0px !important;padding-bottom: 0px !important;background-color: #FFFFFF !important;}&#8221;][vc_column css=&#8221;.vc_custom_1763998202845{padding-top: 0px !important;padding-bottom: 60px !important;}&#8221;][ct_heading text=&#8221;JobEye \u2013 Die Mitarbeiter-App <b>f\u00fcr interne Kommunikation, HR und mobiles Intranet<\/b>&#8221; tag=&#8221;h1&#8243; font_size_sm=&#8221;32&#8243; font_size_xs=&#8221;32&#8243; line_height=&#8221;52&#8243; line_height_md=&#8221;52&#8243; line_height_sm=&#8221;52&#8243; line_height_xs=&#8221;42&#8243; font_weight=&#8221;400&#8243; font_style=&#8221;&#8221; font_weight_desc=&#8221;&#8221; margin_bottom=&#8221;21&#8243;][\/vc_column][\/vc_row][vc_row css=&#8221;.vc_custom_1763998196970{padding-top: 0px !important;}&#8221;][vc_column width=&#8221;1\/3&#8243; ct_column_class=&#8221;rm-padding-lg&#8221; css=&#8221;.vc_custom_1565626333627{padding-top: 0px !important;padding-right: 90px !important;}&#8221; offset=&#8221;vc_col-lg-6 vc_col-md-6&#8243;][ct_text_block]JobEye verbindet Mitarbeitende, Informationen und Prozesse in einer zentralen App. Vom B\u00fcro bis zur Produktion sorgt JobEye daf\u00fcr, dass Kommunikation funktioniert, Abl\u00e4ufe einfacher werden und alle auf dem gleichen Stand sind.[\/ct_text_block][vc_empty_space height=&#8221;60&#8243;][ct_heading text=&#8221;<b>Eine App <\/b> f\u00fcr alle im Unternehmen&#8221; tag=&#8221;h2&#8243; font_size=&#8221;35&#8243; font_size_md=&#8221;35&#8243; font_size_sm=&#8221;24&#8243; font_size_xs=&#8221;24&#8243; font_weight=&#8221;400&#8243; font_style=&#8221;&#8221; sub_title_style=&#8221;style3&#8243; font_weight_desc=&#8221;&#8221; margin_bottom=&#8221;30&#8243;][ct_text_block]Ob Schreibtisch, Werkhalle oder Au\u00dfendienst: JobEye erreicht alle Mitarbeitenden \u2013 unabh\u00e4ngig vom Arbeitsplatz oder Endger\u00e4t.<\/p>\n<h4>Ihre Vorteile<\/h4>\n<ul>\n<li>Eine App f\u00fcr Kommunikation, HR und Organisation<\/li>\n<li>Direkte Kommunikation im Team<\/li>\n<li>Intuitive Nutzung auf allen Endger\u00e4ten<\/li>\n<li>Optimal f\u00fcr Mitarbeitende ohne B\u00fcroarbeitsplatz<\/li>\n<\/ul>\n<p>[\/ct_text_block][\/vc_column][vc_column width=&#8221;2\/3&#8243; css=&#8221;.vc_custom_1565626346543{padding-top: 0px !important;padding-left: 0px !important;}&#8221; offset=&#8221;vc_col-lg-6 vc_col-md-6&#8243;][ct_space space_lg=&#8221;0&#8243; space_md=&#8221;0&#8243; space_sm=&#8221;60&#8243; space_xs=&#8221;60&#8243;][ct_single_image image=&#8221;2286&#8243; block_revealers=&#8221;yes&#8221; direction=&#8221;rl&#8221;][\/vc_column][\/vc_row][vc_row full_width=&#8221;stretch_row&#8221; css=&#8221;.vc_custom_1763998588481{padding-top: 60px !important;padding-bottom: 0px !important;background-color: #FFFFFF !important;}&#8221;][vc_column css=&#8221;.vc_custom_1763998646775{padding-top: 0px !important;padding-bottom: 0px !important;}&#8221;][ct_heading text=&#8221;Funktionen, die den <b>Arbeitsalltag leichter machen<\/b>&#8221; tag=&#8221;h2&#8243; font_size=&#8221;35&#8243; font_size_md=&#8221;35&#8243; font_size_sm=&#8221;24&#8243; font_size_xs=&#8221;24&#8243; font_weight=&#8221;400&#8243; font_style=&#8221;&#8221; sub_title_style=&#8221;style3&#8243; font_weight_desc=&#8221;&#8221; margin_bottom=&#8221;30&#8243;][\/vc_column][\/vc_row][vc_row full_width=&#8221;stretch_row&#8221; css=&#8221;.vc_custom_1763998607206{padding-top: 0px !important;padding-bottom: 0px !important;background-color: #FFFFFF !important;}&#8221;][vc_column width=&#8221;1\/4&#8243; css=&#8221;.vc_custom_1763998202845{padding-top: 0px !important;padding-bottom: 60px !important;}&#8221;][ct_text_block]<\/p>\n<h4>Zeiterfassung &amp; Dienstreisen<\/h4>\n<p>Arbeitszeiten und Dienstreisen k\u00f6nnen direkt per Smartphone erfasst werden \u2013 transparent, korrekt und ohne administrativen Aufwand.[\/ct_text_block][\/vc_column][vc_column width=&#8221;1\/4&#8243; css=&#8221;.vc_custom_1763998625551{padding-top: 0px !important;}&#8221;][ct_single_image image=&#8221;1824&#8243;][\/vc_column][vc_column width=&#8221;1\/4&#8243; css=&#8221;.vc_custom_1763998712385{padding-top: 0px !important;}&#8221;][ct_text_block]<\/p>\n<h4>Direkte Kontaktaufnahme<\/h4>\n<p>Eine integrierte Kontaktliste macht die interne Kommunikation einfacher. Ein Klick gen\u00fcgt, um Kolleg*innen zu erreichen.[\/ct_text_block][\/vc_column][vc_column width=&#8221;1\/4&#8243; css=&#8221;.vc_custom_1763998726720{padding-top: 0px !important;}&#8221;][ct_single_image image=&#8221;1825&#8243;][\/vc_column][\/vc_row][vc_row full_width=&#8221;stretch_row&#8221; css=&#8221;.vc_custom_1765968294282{padding-top: 0px !important;padding-bottom: 60px !important;background-color: #FFFFFF !important;}&#8221;][vc_column width=&#8221;2\/4&#8243; css=&#8221;.vc_custom_1763998202845{padding-top: 0px !important;padding-bottom: 60px !important;}&#8221;][ct_text_block]<\/p>\n<h4>News &amp; Updates<\/h4>\n<p>Unternehmensmeldungen, Projekte, Sicherheitshinweise und Events \u2013 alles an einem zentralen Ort, in Echtzeit abrufbar.[\/ct_text_block][\/vc_column][vc_column width=&#8221;1\/4&#8243; css=&#8221;.vc_custom_1764000132831{padding-top: 0px !important;padding-bottom: 0px !important;}&#8221;][ct_single_image image=&#8221;1827&#8243;][\/vc_column][vc_column width=&#8221;1\/4&#8243;][\/vc_column][\/vc_row][vc_row full_width=&#8221;stretch_row&#8221; css=&#8221;.vc_custom_1764000238341{padding-top: 60px !important;padding-bottom: 0px !important;background-color: #F4F4F4 !important;}&#8221;][vc_column css=&#8221;.vc_custom_1764000091124{padding-top: 0px !important;padding-bottom: 0px !important;}&#8221;][ct_heading text=&#8221;Smarte HR-Funktionen \u2013 <b>einfach und digital<\/b>&#8221; tag=&#8221;h2&#8243; font_size=&#8221;35&#8243; font_size_md=&#8221;35&#8243; font_size_sm=&#8221;24&#8243; font_size_xs=&#8221;24&#8243; font_weight=&#8221;400&#8243; font_style=&#8221;&#8221; sub_title_style=&#8221;style3&#8243; font_weight_desc=&#8221;&#8221; margin_bottom=&#8221;30&#8243;][\/vc_column][\/vc_row][vc_row full_width=&#8221;stretch_row&#8221; css=&#8221;.vc_custom_1764000273918{padding-top: 0px !important;padding-bottom: 60px !important;background-color: #F4F4F4 !important;}&#8221;][vc_column width=&#8221;1\/4&#8243; css=&#8221;.vc_custom_1763998202845{padding-top: 0px !important;padding-bottom: 60px !important;}&#8221;][ct_text_block]<\/p>\n<h4>Urlaubs- und Abwesenheits-<br \/>\nverwaltung<\/h4>\n<p>Urlaub beantragen, Krankmeldungen einreichen oder R\u00fcckfragen an HR stellen \u2013 alles l\u00e4uft direkt \u00fcber die App.[\/ct_text_block][\/vc_column][vc_column width=&#8221;1\/4&#8243; css=&#8221;.vc_custom_1764000111285{padding-top: 0px !important;}&#8221;][ct_single_image image=&#8221;1829&#8243;][\/vc_column][vc_column width=&#8221;1\/4&#8243; css=&#8221;.vc_custom_1764000309251{padding-top: 0px !important;}&#8221;][ct_text_block]<\/p>\n<h4>Sicherheit &amp; Notfallwissen<\/h4>\n<p>Erste-Hilfe-Videos, Fluchtpl\u00e4ne und wichtige Sicherheitsregeln stehen jederzeit bereit.[\/ct_text_block][\/vc_column][vc_column width=&#8221;1\/4&#8243; css=&#8221;.vc_custom_1764000314673{padding-top: 0px !important;}&#8221;][ct_single_image image=&#8221;1830&#8243;][\/vc_column][\/vc_row][vc_row full_width=&#8221;stretch_row&#8221; css=&#8221;.vc_custom_1761903641148{padding-top: 0px !important;padding-bottom: 0px !important;background-color: #FFFFFF !important;}&#8221;][vc_column css=&#8221;.vc_custom_1565622462218{padding-top: 120px !important;padding-bottom: 120px !important;}&#8221;][ct_heading text=&#8221;Flexibel anpassbar \u2013<b> im Design Ihres Unternehmens<\/b>&#8221; tag=&#8221;h2&#8243; font_size=&#8221;35&#8243; font_size_md=&#8221;35&#8243; font_size_sm=&#8221;24&#8243; font_size_xs=&#8221;24&#8243; font_weight=&#8221;400&#8243; font_style=&#8221;&#8221; description=&#8221;JobEye kann individuell erweitert, modular aufgebaut und vollst\u00e4ndig im Corporate Design Ihres Unternehmens bereitgestellt werden.&#8221; font_weight_desc=&#8221;&#8221; margin_bottom=&#8221;30&#8243;][\/vc_column][\/vc_row][vc_row full_width=&#8221;stretch_row&#8221; parallax=&#8221;content-moving&#8221; parallax_image=&#8221;826&#8243; parallax_speed_bg=&#8221;1.6&#8243; disable_element=&#8221;yes&#8221; ct_row_class=&#8221;row-overlay&#8221; css=&#8221;.vc_custom_1764000369651{padding-top: 30px !important;background-color: #222222D6 !important;}&#8221;][vc_column css=&#8221;.vc_custom_1761900119004{padding-top: 50px !important;padding-bottom: 120px !important;}&#8221;][ct_heading text=&#8221;<b>Warum wir <\/b> Ihr Partner f\u00fcr App-Entwicklung sind&#8221; font_size=&#8221;35&#8243; font_size_md=&#8221;35&#8243; font_size_sm=&#8221;35&#8243; font_size_xs=&#8221;35&#8243; font_weight=&#8221;&#8221; font_style=&#8221;&#8221; text_color=&#8221;#FFFFFF&#8221; font_weight_desc=&#8221;&#8221; margin_bottom=&#8221;30&#8243;][ct_features_grid content_list=&#8221;%5B%7B%22title%22%3A%22Ma%C3%9Fgeschneiderte%20L%C3%B6sungen%3A%20%22%2C%22content%22%3A%22Apps%20exakt%20auf%20Ihre%20Gesch%C3%A4ftsprozesse%20und%20Zielgruppen%20abgestimmt.%22%7D%2C%7B%22title%22%3A%22Agiles%20Vorgehen%3A%22%2C%22content%22%3A%22Iterative%20Entwicklung%20f%C3%BCr%20schnelle%20Anpassungen%20und%20maximale%20Qualit%C3%A4t.%22%7D%2C%7B%22title%22%3A%22Technologische%20Expertise%3A%20%22%2C%22content%22%3A%22Native%2C%20hybride%20und%20Cross-Platform-Apps%20%E2%80%93%20wir%20nutzen%20modernste%20Frameworks.%22%7D%2C%7B%22title%22%3A%22Langfristige%20Betreuung%3A%20%22%2C%22content%22%3A%22Von%20der%20Idee%20%C3%BCber%20Entwicklung%2C%20Testing%20bis%20zum%20Support%20und%20Updates.%22%7D%5D&#8221; style=&#8221;style-3&#8243; col_xs=&#8221;1&#8243; col_sm=&#8221;2&#8243; col_md=&#8221;4&#8243; col_lg=&#8221;5&#8243; col_xl=&#8221;5&#8243; animation=&#8221;slideInRight&#8221;][\/vc_column][\/vc_row]<\/p>\n<\/div>","protected":false},"excerpt":{"rendered":"<p>[vc_row full_width=&#8221;stretch_row&#8221; css=&#8221;.vc_custom_1761903641148{padding-top: 0px !important;padding-bottom: 0px !important;background-color: #FFFFFF !important;}&#8221;][vc_column css=&#8221;.vc_custom_1763998202845{padding-top: 0px !important;padding-bottom: 60px !important;}&#8221;][ct_heading text=&#8221;JobEye \u2013 Die Mitarbeiter-App f\u00fcr interne Kommunikation, HR und mobiles Intranet&#8221; tag=&#8221;h1&#8243; font_size_sm=&#8221;32&#8243; font_size_xs=&#8221;32&#8243; line_height=&#8221;52&#8243; line_height_md=&#8221;52&#8243; [&hellip;]<\/p>\n","protected":false},"author":1,"featured_media":0,"parent":0,"menu_order":0,"comment_status":"closed","ping_status":"closed","template":"","meta":{"footnotes":""},"class_list":["post-1819","page","type-page","status-publish","hentry"],"lang":"de","translations":{"de":1819,"en":3181},"pll_sync_post":[],"_links":{"self":[{"href":"https:\/\/inoso.it\/home\/wp-json\/wp\/v2\/pages\/1819","targetHints":{"allow":["GET"]}}],"collection":[{"href":"https:\/\/inoso.it\/home\/wp-json\/wp\/v2\/pages"}],"about":[{"href":"https:\/\/inoso.it\/home\/wp-json\/wp\/v2\/types\/page"}],"author":[{"embeddable":true,"href":"https:\/\/inoso.it\/home\/wp-json\/wp\/v2\/users\/1"}],"replies":[{"embeddable":true,"href":"https:\/\/inoso.it\/home\/wp-json\/wp\/v2\/comments?post=1819"}],"version-history":[{"count":25,"href":"https:\/\/inoso.it\/home\/wp-json\/wp\/v2\/pages\/1819\/revisions"}],"predecessor-version":[{"id":2718,"href":"https:\/\/inoso.it\/home\/wp-json\/wp\/v2\/pages\/1819\/revisions\/2718"}],"wp:attachment":[{"href":"https:\/\/inoso.it\/home\/wp-json\/wp\/v2\/media?parent=1819"}],"curies":[{"name":"wp","href":"https:\/\/api.w.org\/{rel}","templated":true}]}}